est common factor of x and 16?
4
Suppose 0 = 33*h + 38*h - 16472. Calculate the greatest common divisor of 870 and h.
58
Let f be 5/((-10)/8) - (-57 + 38). Let m(s) = 7*s + 7. Let g be m(4). What is the highest common factor of g and f?
5
Let i be (-7)/((-6)/(-54) + (6 - (-4912)/(-792))). What is the highest common divisor of 63 and i?
7
Suppose c - 2*c + 4 = 0. Suppose a - 540 = -c*a - 5*q, 2*a = -3*q + 214. Calculate the greatest common divisor of 165 and a.
55
Suppose 2*d + 3*b - 901 + 832 = 0, -10 = -2*b. What is the greatest common divisor of d and 66?
3
Suppose -4*u = 42 - 114. Let c = 196 + -182. Suppose -3*k = 15, 6*k + c = l + 5*k. Calculate the highest common factor of u and l.
9
Let f be (-6 - 3)/(-1*6/54). Calculate the greatest common divisor of f and 3807.
81
Let g(a) = -a**3 + 60*a**2 + 23*a - 1260. Let x be g(60). Let t(f) = 6*f**2 + 6*f. Let n be t(-6). What is the highest common divisor of x and n?
60
Let c be -2*(-123 - (-11 + 12)). Calculate the highest common factor of 56 and c.
8
Suppose -121 = 16*s + 7. Let h(x) = 6*x**2 + 38*x - 17. Let p be h(s). Calculate the highest common divisor of 35 and p.
7
Let m(w) = 21*w**2 + 8*w - 10. Let a(v) = 84*v**2 + 31*v - 40. Let n(f) = -2*a(f) + 9*m(f). Let x be n(1). Calculate the greatest common divisor of x and 6.
3
Suppose -2*b + 4*n = 3*b + 204, -3*n = -3*b - 120. Let a = b + 40. Let q be (-54)/4*(-16)/(-12)*a. What is the highest common divisor of q and 8?
8
Suppose 0 = -0*p + 5*p - 1170. Let w be ((7 + -1)*90/(-15))/(-2). What is the greatest common divisor of p and w?
18
Let u be 18/((-3 - -2)*1). Let p = 106 + u. Suppose 15 = -5*r + 6*r, 3*m - 18 = 10*r - 9*r. Calculate the highest common divisor of p and m.
11
Let m be ((-70)/(-21)*3)/((-6)/219). Let o = m - -534. Calculate the highest common divisor of o and 39.
13
Let k be 78/585 - 1913390/(-75). Calculate the greatest common factor of 48 and k.
24
Suppose 5*c = 4*p - 1, 4*p + 5 = c - 2*c. Let b = p - -5. Let f be 57 - (3 + (-6)/1). What is the greatest common factor of b and f?
4
Let z(h) = 2*h**2 + 37*h + 31. Let v be z(-21). Let m = 706 - v. Calculate the greatest common divisor of m and 30.
30
Let a(p) = -5*p**2 + 28*p + 40. Let s(m) = 11*m**2 - 57*m - 81. Let w(d) = -13*a(d) - 6*s(d). Let h be w(-18). Calculate the highest common factor of 57 and h.
19
Suppose -64949 - 13965 = -206*r - 216*r. Calculate the greatest common factor of r and 85.
17
Let k = 121 + -84. Let x = k - 35. Suppose 4*a + x*o - 42 = 0, -2*a - 4*o + 14 = -10. What is the highest common factor of a and 70?
10
Let o = -34698 - -38617. What is the highest common factor of 1 and o?
1
Suppose -29 = -2*o + 10*w - 15*w, 0 = -3*o + 5*w + 106. What is the greatest common divisor of 1728 and o?
27
Suppose -246*l = -21809 - 29359. What is the highest common factor of 3445 and l?
13
Let w be 6/39 + ((-100632)/13)/(-7). Calculate the greatest common divisor of 154 and w.
14
Let l(k) = -k**3 + k**2 + 35*k + 36. Let a be l(-5). Suppose -4*i = -8 - 344. Calculate the highest common factor of i and a.
11
Let n(y) = 17*y - 71. Let f(x) = 8*x - 35. Let z(q) = 5*f(q) - 2*n(q). Let a = -4584 - -4591. Let j be z(a). What is the highest common divisor of 45 and j?
9
Suppose 10 = a - 30. Suppose 5*g - 1982*h + 1985*h = 28, -3*h - 44 = -4*g. Calculate the greatest common divisor of g and a.
8
Suppose 3*m + 4*i - 92 = 77, i - 57 = -m. What is the greatest common divisor of 5900 and m?
59
Suppose -82*x = 120*x - 44844. Calculate the highest common factor of x and 294.
6
Suppose 27*r + m + 68 = 31*r, -4*m + 48 = 4*r. Let i be (-13)/((-17)/r - -1). Calculate the greatest common factor of 48 and i.
16
Suppose -17*v + 138 = -100. Suppose -3*s + v + 10 = 0. What is the highest common divisor of s and 8?
8
Let j = -2056 - -2067. Suppose -p = -3*p + 154. What is the greatest common factor of p and j?
11
Suppose -z + 3*z + 2*j = 70, -5*j - 89 = -3*z. Let v = 2003 - 1706. Calculate the highest common divisor of z and v.
33
Suppose 8320 = 3*h + 7*h. Let k be 10/(-30)*21 + -6 + 4 + 35. Calculate the greatest common factor of h and k.
26
Suppose 7*r + 5*r - 1620 = 0. Let a be (-1 + 7)/(-3 + 2). Let l be (-82)/a - (-12)/9. Calculate the greatest common divisor of r and l.
15
Let k(m) = 3*m**2 + 5*m - 14. Let l be k(4). Suppose -6*b - 2*o - 19 = -7*b, 4*o + 11 = b. What is the highest common factor of l and b?
27
Let n be -1 - 18*4/4*-1. Suppose -2*h + 7*h = 3060. Suppose -49*f = -45*f - h. What is the greatest common factor of n and f?
17
Let i(j) = -3*j**2 - 2*j + 328. Let w be i(9). Suppose -7*u + 0*u = -4221. Calculate the greatest common divisor of u and w.
67
Suppose 5*l = -l - 3810. Let b = -611 - l. What is the highest common factor of 56 and b?
8
Suppose 23 = -3*j + 11, -s - 4*j - 11 = 0. What is the greatest common factor of 8125 and s?
5
Let d(m) = m**3 - 10*m**2 + 11*m - 4. Let x be d(9). Let v(g) = 38 - 28 + x*g - 33. Let w be v(15). Calculate the highest common factor of 17 and w.
17
Let p(c) = 8*c**2 - 295*c - 1523. Let s be p(-5). Calculate the greatest common factor of 8968 and s.
152
Let k(u) = -6*u - 180. Let q be k(-33). Let w = -22 - -31. Suppose -2*l + 3*l - w = 0. Calculate the greatest common factor of l and q.
9
Suppose -5*r = -4*c + 163, -4*c - 9*r + 11*r = -166. Calculate the highest common factor of c and 238.
14
Suppose -21*s + 11038 + 18593 = 0. Calculate the highest common factor of s and 2407.
83
Let p(n) = 4*n - 37. Let d(v) = 5*v - 38. Let u(c) = 2*d(c) - 3*p(c). Let t be u(10). Calculate the highest common factor of t and 435.
15
Suppose -2810*d = -2812*d + 5*g + 1535, -d = 5*g - 775. What is the highest common factor of 350 and d?
70
Suppose 264 = 357*o - 349*o. Let g(h) = h**2 - 37*h + 137. Let u be g(o). What is the highest common divisor of 125 and u?
5
Suppose 5*r = g - 1463, g + 24*r = 21*r + 1463. What is the highest common divisor of 76 and g?
19
Suppose 0 = -4*j + 17*p - 20*p + 2957, 739 = j + p. What is the highest common factor of 180 and j?
20
Suppose -6*p + 3*p - 1953 = 0. Let b = -381 - p. Calculate the greatest common factor of b and 27.
27
Suppose -23*z + 9639 = -2*z. Let w be z/6 - ((-6)/(-4) - 0). Let p = 15 - -15. What is the highest common divisor of p and w?
15
Let a be 3 + 4 - (-7 + (-8 - -8)). Suppose -3*u + 2252 = 5*k, -k + 315 = 3*u - 145. Calculate the highest common divisor of a and k.
14
Let c(x) = -118*x + 69. Let h be c(-5). Let o be 2/(2/1) + h. What is the highest common factor of o and 30?
30
Let r(l) = 26*l**2 - 8*l + 28. Let n be r(4). Let y = n + -376. Calculate the greatest common divisor of 135 and y.
9
Let g(w) = -25*w + 37. Let d be g(1). Let s = 0 + -1. Let o be (s/2)/(4/(-48)). What is the highest common factor of o and d?
6
Let b = -154 + 154. Suppose v + 3*p - 16 = b, -8 + 4 = -2*p. Calculate the greatest common factor of 4 and v.
2
Let w(i) = -15*i**3 + 7*i**2 + 16*i - 1. Let g be w(-5). What is the greatest common factor of g and 33?
11
Suppose 0 = -2*l - i + 31, 0 = 19*l - 18*l - i - 5. Let k = 1 - 11. Let y be 152/5 - (-4)/k. Calculate the highest common divisor of y and l.
6
Let c(y) = 26*y**2 + 56*y - 144. Let u be c(3). What is the highest common divisor of u and 300?
6
Let j(g) = 2*g**2 - 30. Let f be j(7). Suppose 130 = 14*o - 108. What is the greatest common divisor of o and f?
17
Suppose -5*w = n - 671, 0 = 5*w + 2*n - 0*n - 667. Let o = 118 + -115. What is the greatest common factor of w and o?
3
Suppose 4*x - 4*h - 44 = 0, x + 2 = -3*h - 3. Suppose -3*a - 4*p + 163 = 0, -3*p + 110 = -33*a + 35*a. What is the highest common factor of a and x?
7
Suppose 28*d = -37*d - 17*d + 330460. What is the highest common factor of 390 and d?
130
Let i = -12581 - -12584. Calculate the highest common divisor of 463 and i.
1
Suppose -3*w = 5*c - 514, 2*c + 642 + 194 = 5*w. Suppose 10*s = -2*s + w. Calculate the greatest common divisor of 112 and s.
14
Let i = -2276 - -3225. Calculate the greatest common factor of i and 39.
13
Let t = -34056 - -71199. Calculate the highest common factor of t and 9.
9
Suppose -70*m = -499 - 411. Let y = -8 + 9. Let v be 2*1/(y/52). What is the greatest common divisor of m and v?
13
Suppose 4*z + 7*l = 11*l + 2560, -5*z + 3*l + 3200 = 0. Suppose -3*k = -7*k + z. Calculate the gre